Let m(h) = -387*h - 377. Calculate the remainder when m(-3) is divided by 65.
4
Let q = 29 + 56. Let g(t) = t**3 - t**2 + 10*t + 18. What is the remainder when q is divided by g(0)?
13
Suppose -s = -14 - 1. Let m(j) = -41*j**3 + j**2 + 45*j + 44. What is the remainder when m(-1) is divided by s?
11
Let r(m) = 4*m**2 + 6*m - 619. What is the remainder when 743 is divided by r(-15)?
170
Let y(w) = 4*w**3 + 12*w**2 - 21*w + 1. Suppose -20 = -26*g + 32. What is the remainder when 149 is divided by y(g)?
32
Let f(d) = -105 + 41 - 23*d - d**2 + 47*d - 67. Calculate the remainder when 4 is divided by f(9).
0
Suppose 3*q + 5*k - 1880 = 0, 2585 = 3*q - k + 729. Calculate the remainder when q is divided by 69.
68
Suppose 0 = -3*m + 6, -59 = 2*t - 3*m - 755. What is the remainder when 714 is divided by t?
12
What is the remainder when 6 - 5 - 2028/(-4) is divided by 244?
20
Let o be (-76)/57 - ((-5284)/12)/1. Calculate the remainder when (o - 0) + (-744)/(-93) is divided by 32.
31
Let l = -7 - -12. Let q(t) = 24*t**2 - 433*t + 39. Let v be q(18). Let c = v + l. Calculate the remainder when 75 is divided by c.
23
Let p be ((-14)/(-56))/((1/(-8))/(-1)). Suppose -p*n = -4 - 18. Let q = -23 - -55. Calculate the remainder when q is divided by n.
10
Let p(b) = -6 + 1 + 2 - 10*b + b**3 + 5*b + 6*b**2. Let f be (-2)/((-4)/(-6)) - (3 + 0). What is the remainder when p(f) is divided by 15?
12
Let b = -4474 + 4595. Calculate the remainder when b is divided by 69.
52
Let z(d) = -3*d - 34. Suppose 0*n - 2*n = -4*c + 42, 0 = 2*n - c + 36. What is the remainder when 77 is divided by z(n)?
9
Let w(a) = -2*a**3 - 11*a**2 - 20*a + 7. What is the remainder when 56 is divided by w(-2)?
18
What is the remainder when 1725 is divided by ((-48)/(-140)*(-154)/44)/(3/(-120))?
45
Let p = -132 + 151. Suppose p*c - 15 = 14*c. Let h = 30 + -21. What is the remainder when h is divided by c?
0
Suppose 179*q + 80520 = 271513. Calculate the remainder when q is divided by 1064.
3
Let d = 15 + -67. Let n = d - -76. What is the remainder when 431 is divided by n?
23
Suppose 2*a - 4*a = -12. Suppose 0 = -r + 2*u + 50, 2*u = 4*u + a. Calculate the remainder when r is divided by 19.
6
Suppose -2*o + 6 = 18. Let x = 6 - o. What is the remainder when 52 is divided by 3/(-2)*2 + x?
7
Let h be 3074/232 - (-3)/4. Suppose -h = 12*s - 134. What is the remainder when 19 is divided by s?
9
What is the remainder when 365 is divided by 28/((-99)/15 + 7)?
15
Calculate the remainder when (12 + -3 - -278) + 14 is divided by 82.
55
Let l(r) = -r + 6. Suppose -b - 3*b = 0. Suppose b*w = -4*w + 12. Calculate the remainder when l(-7) is divided by w.
1
Let u(p) = -162*p + 2462. Let l = 38 + -25. Calculate the remainder when u(15) is divided by l.
6
Suppose 4*f - 169 - 111 = 1148. Calculate the remainder when f is divided by 20.
17
Let w = 678 + -425. What is the remainder when w is divided by 104?
45
Let l(q) = 39*q + 6. Let j(o) = 4*o + 1. Let h(f) = -5*j(f) + l(f). Let k be 1 + 1/1 - 1. What is the remainder when 57 is divided by h(k)?
17
Let f be (95/10)/(4/8) - -1. Suppose 0 = -f*q + 54*q - 3570. Calculate the remainder when q is divided by 20.
5
Calculate the remainder when 916 is divided by 496/64 - 2 - 10/(-8).
6
Suppose 249 = h - 3*i, 2*h - 356 - 117 = i. Let v = -198 + h. What is the remainder when v is divided by 27?
9
Let v = 1227 + -1214. Let t(r) = 11*r**3 - 3*r**2 + 4*r - 2. Calculate the remainder when v is divided by t(1).
3
Let t(r) be the first derivative of -r**4 - 4*r**3/3 - 11*r**2/2 - 5*r + 28. Let i be t(-5). What is the remainder when 37 is divided by i/24 - 3/(-12)?
18
Calculate the remainder when 49 is divided by (-37 + 23 - -13)*-17*1.
15
Let p(t) be the second derivative of -t**3/3 + 21*t. What is the remainder when p(-14) is divided by 16?
12
Let t(j) = -20*j**2 + 23*j - 41. Let d(x) = -11*x**2 + 11*x - 20. Let w(g) = -9*d(g) + 4*t(g). Calculate the remainder when w(2) is divided by 30.
18
Let l = -124 - -145. Suppose i - 69 = -2*i + 4*s, i + 4*s = 39. Let t = -19 + i. Calculate the remainder when l is divided by t.
5
Let z = 23610 + -23472. Calculate the remainder when 549 is divided by z.
135
Let k be 65/26*(-412)/(-10). Let w = k - 65. Let h = w + 3. What is the remainder when h is divided by 11?
8
Let p be 1/1*(3 + -3). Suppose 3*i - i - n - 11 = p, 3*i + n = 24. Suppose 3*x - 2*z = -0*x + 38, 4*z - 32 = -3*x. What is the remainder when x is divided by i?
5
Let n(h) = h**3 + 29*h**2 + 33*h + 158. Let y be n(-28). Suppose -748 = -y*k + 4094. Calculate the remainder when k is divided by 30.
29
Let c = 5 + -3. Let k(r) = 6*r + 236. Calculate the remainder when c is divided by k(-39).
0
Let n = 0 - -3. Suppose n*s - 178 = l, -s + 88 = l + 22. Let m(o) = o**3 - 10*o**2 + 2*o + 12. What is the remainder when s is divided by m(10)?
29
Let n = 3 + -1. Let l(t) = -t**2 + 3*t - 4. Let f be l(n). Calculate the remainder when 2/f - 0 - (-52)/4 is divided by 3.
0
Let b = -862 - -888. Calculate the remainder when 200 is divided by b.
18
Suppose 4*z + 5 = -3, 0 = -4*t + 3*z + 378. What is the remainder when 2690 is divided by t?
86
Let v(y) = 422*y**3 - 3*y**2 + 4*y - 2. Let f be v(1). Let d = -285 + f. Suppose 52*x = 50*x + d. What is the remainder when x is divided by 14?
12
Suppose -2*f - 240 = 2*p - 0*f, -4*p - 2*f = 480. Let u = p - -154. Calculate the remainder when 59 is divided by u.
25
Suppose 3*u = 0, 5*z - 2*u - 23 = 6*z. Calculate the remainder when (-7 - (-15)/(-10)*-2)*z is divided by 31.
30
Suppose -71*g = -27229 - 25879. Calculate the remainder when g is divided by 25.
23
Let f(z) = 164*z**2 - 54*z**2 - 9*z - 50*z**2 - 57*z**2 + 5. What is the remainder when f(3) is divided by 2?
1
Suppose -y + 5*z = 9, -y + z = 2*y - 43. Let m be -1*(-10 + 2 + 6). Suppose m*f = -y + 106. Calculate the remainder when f is divided by 12.
9
What is the remainder when 50 - (25/(-5) + 17) is divided by (-1*3)/(6/(-18))?
2
What is the remainder when (((-50)/(-6))/1)/(115/12765) is divided by 62?
57
Calculate the remainder when 167 + (-96)/(-52) + 8/52 is divided by 53.
10
Let w(c) = 225*c + 44. Let a be w(13). Suppose -a + 881 = -12*u. Calculate the remainder when u is divided by 8.
6
Suppose 150*m + 1077326 = 343*m. What is the remainder when m is divided by 38?
34
Let t(z) = 22*z + 703. Let g(c) = 7*c + 235. Let y(f) = 11*g(f) - 4*t(f). Calculate the remainder when 670 is divided by y(-25).
46
Suppose 0*g + 5*g - 404 = 3*u, 0 = -g - 4*u + 67. What is the remainder when g is divided by (-6)/(((-3)/6)/1)?
7
Let x(a) be the third derivative of -a**4/12 + 21*a**3/2 - 29*a**2. Calculate the remainder when x(16) is divided by 2 + 10/(-2) + 21.
13
Let x = 47 - -4. Suppose -3*i + k + x = -2*k, k = -5*i + 55. Calculate the remainder when 2900/100 - (9 + -1) is divided by i.
9
Suppose 4*a = -2*x + 1730, x = 4*a - 2*x - 1715. Let h = 498 - a. Calculate the remainder when h is divided by 18.
13
Suppose 6*d - 2*d - 8 = 0. Let a be ((-6)/(-8))/(d/8). Suppose 2*q + 0*q + 68 = 2*o, -2*q - 98 = -a*o. Calculate the remainder when o is divided by 8.
6
Suppose 7*m - 4*m - 3 = 0. Let p(b) = 2 - 9 + m - 19*b - 6. What is the remainder when 77 is divided by p(-2)?
25
Let o = -105 + 110. Suppose 4*j + 112 = -2*z - 76, -4*z = -o*j + 324. Let a = z + 110. What is the remainder when 85 is divided by a?
13
Let c(d) = -9*d + 474. Calculate the remainder when 291 is divided by c(50).
3
Suppose -14*o - 891 = -17*o + 777. What is the remainder when o is divided by 71?
59
Let y be ((-2)/((-4)/(-5)))/((-1)/2). Let x be (-312)/(-16) - (2 - y/2). Suppose -112 - x = -4*c. What is the remainder when 163 is divided by c?
31
Suppose 0 = 157*g + 272*g - 72930. Calculate the remainder when 4417 is divided by g.
167
Suppose -3*g + 4590 = 11*j - 13*j, -g = -j - 1530. Calculate the remainder when g is divided by 20.
10
What is the remainder when 1263 is divided by (-3234)/(-10) - 46/115?
294
Suppose s - 383 = -5*t, -526*s = 2*t - 528*s - 170. Calculate the remainder when t is divided by -3 - (-23)/(2/2).
18
Let j = -21388 - -21438. What is the remainder when 113 is divided by j?
13
Let s(m) = -3 + 11*m - 5 - 13*m**3 - 14*m**2 + 12*m**3. What is the remainder when 203 is divided by s(-15)?
47
Let s = -4 - -6. Let v be ((-384)/1792)/((-2)